{"id":416,"date":"2016-02-05T21:32:08","date_gmt":"2016-02-05T19:32:08","guid":{"rendered":"http:\/\/blog.art-supplement.de\/?page_id=416"},"modified":"2017-03-13T23:46:16","modified_gmt":"2017-03-13T21:46:16","slug":"hendrik-faure","status":"publish","type":"page","link":"http:\/\/blog.art-supplement.de\/?page_id=416","title":{"rendered":"Hendrik Faure"},"content":{"rendered":"<h3>Szenen im Schrott<\/h3>\n<p>G\u00f6ttinger Galerie zeigt <strong>Photogravuren<\/strong> von <strong>Hendrik Faure<\/strong><\/p>\n<div class=\"pda-article-intro\">\n<p class=\"pda-aintro-p\">Motive vom Schrottplatz hat sich der Friedl\u00e4nder K\u00fcnstler Hendrik Faure f\u00fcr zahlreiche Arbeiten ausgesucht, die derzeit in der Ausstellung <strong>\u201e(re)cycling\u201c<\/strong> in der G\u00f6ttinger Galerie Art Supplement zu sehen sind.<\/p>\n<\/div>\n<div class=\"pda-hmedia pda-article-fullsize hmedia\">\n<div class=\"pda-article-lead-feature\">\n<div class=\"pad-article-prev-box\" data-component=\"linkblock\"><a href=\"http:\/\/www.goettinger-tageblatt.de\/Kultur\/Regional\/Goettinger-Galerie-zeigt-Photogravuren-von-Hendrik-Faure\">G\u00f6ttinger Tageblatt<\/a><\/div>\n<div class=\"pda-articledate\">Artikel ver\u00f6ffentlicht: <span class=\"dtstamp\" title=\"2016-02-08T15:08:00+01:00\">Montag, 08.02.2016 15:08 Uhr<\/span><\/div>\n<\/div>\n<div class=\"pad-article-prev-container\">\n<div class=\"pad-article-prev-box\" data-component=\"linkblock\"><\/div>\n<div class=\"fn pda-imagecaption\">\n<p class=\"pda-textparagraph\">K\u00fcnstler Hendrik Faure (l.)<\/p>\n<div class=\"pda-contributor pda-imagephotograph\"><img loading=\"lazy\" decoding=\"async\" class=\"photo\" title=\"K\u00fcnstler Hendrik Faure (l.)\" src=\"http:\/\/www.goettinger-tageblatt.de\/var\/storage\/images\/gt-et\/kultur\/regional\/goettinger-galerie-zeigt-photogravuren-von-hendrik-faure\/354469444-1-ger-DE\/Goettinger-Galerie-zeigt-Photogravuren-von-Hendrik-Faure_pdaArticleWide.jpg\" alt=\"K\u00fcnstler Hendrik Faure (l.)\" width=\"505\" height=\"334\" \/><\/div>\n<\/div>\n<\/div>\n<\/div>\n<div class=\"clearBoth\">Quelle: <span class=\"contributor imagephotograph\"> Hinzmann<\/span><\/div>\n<div class=\"pda-article-body\">\n<p><!-- ARTIKEL --><\/p>\n<div id=\"articlecontent\" class=\"pda-abody entry-content fb-quotable\">\n<p class=\"pda-abody-p\"><b>G\u00f6ttingen<\/b>. Faures Technik ist die im 19. Jahrhundert entwickelte Photogravur, die besonders weiche und zugleich im Detail \u00e4u\u00dferst pr\u00e4zise Drucke auf Basis von Fotografien entstehen l\u00e4sst. Das aufw\u00e4ndige Verfahren erlaubt nur rund 15 Abz\u00fcge von einer der Kupferplatten, lohnt optisch aber allemal den Aufwand.<\/p>\n<p class=\"pda-abody-p\">Was auf den mittelgro\u00dfen Drucken zu sehen ist, sind eigentlich ganz gew\u00f6hnliche Szenerien auf einem Schrottplatz. Faure gelingt es aber, Ausschnitte zu w\u00e4hlen, die bestechend sch\u00f6ne Kompositionen aus Schrottst\u00fccken verschiedener Materialien und Formen sind. Grobe, massige Metallst\u00fccke werden da geradezu romantisch umspielt von Maschenzaun-St\u00fccken.<\/p>\n<p class=\"pda-abody-p\">\u00dcberhaupt schafft es Faure durch die Technik der Photogravur, seinen Motiven eine morbide W\u00e4rme zu schenken. Manch eine Arbeit entwickelt gar den sanften Charakter eines Aquarells oder einer Kohlezeichnung. Durch den Druck leicht wellig gewordene Papierb\u00f6gen vermitteln einigen der Arbeiten, ob nun gewollt oder nicht, zus\u00e4tzlich einen plastischen und lebendigen Effekt.<\/p>\n<p class=\"pda-abody-p\">Den Schrottst\u00fccken selbst, die auf ihre Wiederverwendung warten, haftet bereits eine gewisse Zeitlosigkeit an. Hendrik Faure verst\u00e4rkt diesen Effekt durch die altmodische und gerade dadurch besondere Gravur.<\/p>\n<p class=\"pda-abody-p\">Letztlich scheinen die gezeigten Arbeiten fast wie aus der Zeit gefallen. Sie k\u00f6nnten auch wirklich historische Aufnahmen sein, w\u00fcrden nicht Details der Schrottteile ihr heutiges Entstehen belegen. Ein \u00e4sthetisches Spiel mit der Zeit, mit dem Werden, Vergehen und Wiederkehren.<\/p>\n<p class=\"pda-abody-p\">Hendrik Faures Photogravuren sind in der Galerie Art Supplement, Burgstra\u00dfe 37a, montags bis freitags von 15 bis 18 Uhr sowie sonntags von 11 bis 13 Uhr (bis Freitag, 4. M\u00e4rz).<\/p>\n<p class=\"pda-abody-p\">Am Sonnabend, 13. Februar, beginnt um 20 Uhr ein Konzert mit dem Cellisten Ulrich Mai\u00df, der unter anderem zu einem Loop der Aufnahmen Hendrik Faures improvisiert.<\/p>\n<p class=\"pda-abody-p\"><i class=\"pda-abody-i\">Von Isabel Trzeciok<\/i><\/p>\n<hr \/>\n<p class=\"pda-abody-p\">9.\u00a0bis zum 21. M\u00e4rz 2014<br \/>\nMo-Fr 10-12 und 15 bis 18 Uhr, So 11-13 Uhr<br \/>\nGalerie ArtSupplement<br \/>\n<b><span class=\"mod_events_latest_content\"><u>Hendrik Faure: Schattenzeit<\/u><\/span><\/b><br \/>\nPhotogravuren<\/p>\n<hr \/>\n<p class=\"pda-abody-p\"><strong><a href=\"http:\/\/festival-dkkd.de\/portfolio\/faure_hendrik\/\">Denkmal Kunst 2017<\/a><\/strong><\/p>\n<p class=\"pda-abody-p\"><strong><a href=\"https:\/\/kwerfeldein.de\/2016\/07\/07\/hendrik-faure\/\">kwerfeldein<\/a><\/strong>: <strong>Samtene Schatten und die \u00c4sthetik des Verfalls<\/strong><\/p>\n<p class=\"pda-abody-p\"><strong><a href=\"http:\/\/lauraannnoble.blogspot.de\/2014\/03\/still-life-death-hendrik-faure-karl.html\">Still Life &amp; Death<\/a><\/strong> &#8211; <strong>Hendrik Faure &amp; Karl Blossfeldt<\/strong><\/p>\n<p class=\"pda-abody-p\"><a href=\"http:\/\/muybridgeshorse.com\/2014\/04\/21\/hendrik-faure\/\"><strong>Muybridge&#8217;s Horse<\/strong><\/a><\/p>\n<p class=\"pda-abody-p\"><strong><a title=\"Permanent Link to Old School: Hendrik Faure\" href=\"http:\/\/www.photogravure.com\/blog\/2014\/10\/old-school-hendrick-faure\/\" rel=\"bookmark\"><u><span style=\"color: #0066cc;\">Old School: Hendrik Faure<\/span><\/u><\/a><\/strong><\/p>\n<p class=\"pda-abody-p\"><strong><a href=\"http:\/\/www.hfaure.de\/\">Hendrik Faure Homepage<\/a><\/strong><\/p>\n<\/div>\n<\/div>\n","protected":false},"excerpt":{"rendered":"<p>Szenen im Schrott G\u00f6ttinger Galerie zeigt Photogravuren von Hendrik Faure Motive vom Schrottplatz hat sich der Friedl\u00e4nder K\u00fcnstler Hendrik Faure f\u00fcr zahlreiche Arbeiten ausgesucht, die derzeit in der Ausstellung \u201e(re)cycling\u201c in der G\u00f6ttinger Galerie Art Supplement zu sehen sind. G\u00f6ttinger Tageblatt Artikel ver\u00f6ffentlicht: Montag, 08.02.2016 15:08 Uhr K\u00fcnstler Hendrik Faure (l.) Quelle: Hinzmann G\u00f6ttingen. Faures &hellip; <\/p>\n<p class=\"link-more\"><a href=\"http:\/\/blog.art-supplement.de\/?page_id=416\" class=\"more-link\"><span class=\"screen-reader-text\">\u201eHendrik Faure\u201c <\/span>weiterlesen<\/a><\/p>\n","protected":false},"author":1,"featured_media":0,"parent":185,"menu_order":0,"comment_status":"closed","ping_status":"closed","template":"","meta":{"footnotes":""},"class_list":["post-416","page","type-page","status-publish","hentry","entry"],"aioseo_notices":[],"_links":{"self":[{"href":"http:\/\/blog.art-supplement.de\/index.php?rest_route=\/wp\/v2\/pages\/416","targetHints":{"allow":["GET"]}}],"collection":[{"href":"http:\/\/blog.art-supplement.de\/index.php?rest_route=\/wp\/v2\/pages"}],"about":[{"href":"http:\/\/blog.art-supplement.de\/index.php?rest_route=\/wp\/v2\/types\/page"}],"author":[{"embeddable":true,"href":"http:\/\/blog.art-supplement.de\/index.php?rest_route=\/wp\/v2\/users\/1"}],"replies":[{"embeddable":true,"href":"http:\/\/blog.art-supplement.de\/index.php?rest_route=%2Fwp%2Fv2%2Fcomments&post=416"}],"version-history":[{"count":9,"href":"http:\/\/blog.art-supplement.de\/index.php?rest_route=\/wp\/v2\/pages\/416\/revisions"}],"predecessor-version":[{"id":425,"href":"http:\/\/blog.art-supplement.de\/index.php?rest_route=\/wp\/v2\/pages\/416\/revisions\/425"}],"up":[{"embeddable":true,"href":"http:\/\/blog.art-supplement.de\/index.php?rest_route=\/wp\/v2\/pages\/185"}],"wp:attachment":[{"href":"http:\/\/blog.art-supplement.de\/index.php?rest_route=%2Fwp%2Fv2%2Fmedia&parent=416"}],"curies":[{"name":"wp","href":"https:\/\/api.w.org\/{rel}","templated":true}]}}